- (-2)/4 is divided by 13.
11
Let q(o) = 9*o + 16. Calculate the remainder when q(5) is divided by 8.
5
Let h = -18 - -25. Let c(m) = 2*m**2 - m - 2. Let r(b) = 4*b**2 - 2*b - 5. Let f(l) = h*c(l) - 3*r(l). What is the remainder when 20 is divided by f(2)?
6
Suppose 3*n - 2*v = -55, 0 = -2*n - 0*v - 2*v - 30. Let l = 29 + n. Calculate the remainder when 43 is divided by l.
7
Suppose 4*i = -0*i + 52. Suppose i*u - 22 = 69. What is the remainder when 8 is divided by u?
1
Let c be (4/5)/((-2)/(-155)). Suppose -2*t = -c - 22. Calculate the remainder when t is divided by 22.
20
Let r be 19 + -10 + (0 + -1)/1. Let u = r - -4. Let y = 25 - 18. What is the remainder when u is divided by y?
5
Let m = 1 - -16. Suppose -7 = -2*a + 1. Let x = m - a. What is the remainder when 24 is divided by x?
11
Suppose 3*v - 3*p - 21 = 0, 0 - 2 = 2*p. Suppose 4*w - 3*w = -v. Calculate the remainder when 31 is divided by (w/(-4))/(9/96).
15
Suppose 17*y - d + 14 = 18*y, -58 = -5*y + d. Calculate the remainder when y is divided by 14/(-5)*5/(-2).
5
Suppose 0 = -5*v - 5*s - 50, 6*v - 3*v - 5 = 4*s. Let k(y) = -y**3 - 7*y**2 - 10*y + 3. What is the remainder when 3 is divided by k(v)?
0
Let n(l) = -5*l**2 + 14*l - 97. Let a(z) = -3*z**2 + 8*z - 48. Let h(t) = 7*a(t) - 4*n(t). Calculate the remainder when h(0) is divided by 8.
4
Calculate the remainder when 717 is divided by (3 - (-69 - -1)) + 9.
77
Let r(p) = 10*p + 129. Calculate the remainder when r(12) is divided by 9.
6
Let u be 1*(-3 - -1)*17. Let q = u - -71. Calculate the remainder when 146 is divided by q.
35
Let t be (-3)/((-2)/8 + 1). Suppose 5 = -3*j - 1. Calculate the remainder when 25 - (j - -4) - t is divided by 14.
13
Let x(r) be the second derivative of -r**4/12 - 4*r**3/3 + 5*r**2/2 - 25*r. Suppose -2*z = -92 - 74. What is the remainder when z is divided by x(-4)?
20
Let a(c) = 2*c**2 - 18*c + 111. What is the remainder when a(5) is divided by 22?
5
Let h = -33 + 44. Suppose h + 19 = 5*a. What is the remainder when 23 is divided by a?
5
Suppose 18 = -11*c + 95. Let h = -18 + 38. Calculate the remainder when h is divided by c.
6
Suppose 3*p - 3 = -b, -2*p + 1 + 1 = 4*b. Let s be (p - 0)/(1/25). Suppose 2*m = s + 7. Calculate the remainder when 63 is divided by m.
15
Suppose 10*x - 22 + 2 = 0. Suppose -d - 28 = -x*s + d, 4*d + 45 = 3*s. What is the remainder when 52 is divided by s?
8
Let u(j) = -2*j**3 - 6*j**2 + j + 4. Let d be u(-4). Let x = d + -25. Suppose 1 + x = 4*y. What is the remainder when 4 is divided by y?
0
Let a(g) = g**3 + 22*g**2 - 24*g - 18. Let i be a(-23). Suppose -w = i*w - 36. Calculate the remainder when w is divided by 4.
2
Let c = 26 - 0. Suppose -3*j = -11 - 1. What is the remainder when c*(28/8 - 3) is divided by j?
1
Let l be 3 - (3 + -4)/(-1). Calculate the remainder when 11 is divided by l + -1*(-8)/4.
3
Let w(u) = -127*u + 1405. Let m = 48 + -27. Calculate the remainder when m is divided by w(11).
5
Suppose 32*c - 30 = 30*c. Let y be (24/(-18))/((-2)/(-6)). What is the remainder when c is divided by y/(-14) + 120/21?
3
Suppose n + 4 - 2 = 0, 5*n - 4464 = -2*v. Calculate the remainder when v is divided by 20.
17
Let j = -512 - -518. What is the remainder when 18 is divided by j?
0
What is the remainder when 36/21*(-3 + (-5 - -22)) is divided by 7?
3
Let t be (6/15)/(2/(-10)). Let u(f) = -8*f**3 + f**2 - 2*f - 2. Calculate the remainder when u(t) is divided by 12.
10
Let f(g) = 9*g**2 + 1. Suppose -4*p + 41 = -13 - 94. What is the remainder when p is divided by f(1)?
7
Let s(h) = 13*h + 3. Let m be s(4). Suppose -12*k + m = -7*k. Calculate the remainder when 21 is divided by k.
10
Let b = 63 - 68. Calculate the remainder when 13 is divided by 8 - (2 + 0) - (3 + b).
5
Suppose -18 = 5*k - 28. Suppose 4*h + 78 = -k*s + 242, -5*s - 150 = -4*h. Calculate the remainder when h is divided by 22.
18
Suppose -16*h = -3 - 45. Suppose -5*g + 342 = 2*o + 119, -o - h*g + 110 = 0. Calculate the remainder when o is divided by 12.
11
What is the remainder when (45/(-18) + 3)*(882 - 0) is divided by 13?
12
Let k(w) = -w**3 - 26*w**2 - 28*w - 55. Suppose 3*j - 181 = 53. Calculate the remainder when j is divided by k(-25).
18
Let p(y) = -y**3 - 25*y**2 - 25*y + 2. What is the remainder when 65 is divided by p(-24)?
13
Suppose 0 = 4*w + 16, 2*w + 9 = c - 1. Suppose 5*i - 134 = 4*n, 32 + 48 = c*i + 5*n. Calculate the remainder when i is divided by (-306)/(-39) + 4/26.
6
Let h(b) = b**3 + 12*b**2 - 3*b + 40. What is the remainder when 227 is divided by h(-12)?
75
Let h(i) = i**3 - 2*i**2 - i - 1. Calculate the remainder when (13/4)/(5/20) is divided by h(3).
3
Let j(g) = g**2 + 7*g + 4. Let v be j(-7). Suppose 145 = -0*h + v*h - m, -3*h - 5*m = -80. Let a = h + -24. Calculate the remainder when 32 is divided by a.
10
Let s = -655 - -654. Let f = -10 + 16. What is the remainder when 13 is divided by s/3 - (-32)/f?
3
What is the remainder when (-80)/(-6)*3/2 is divided by (5/3)/((-5)/(-36))?
8
Let s = 1 + -5. Let l(a) = 2*a**2 + 7*a + 7. Calculate the remainder when -3 - (-28)/4 - -28 is divided by l(s).
10
Suppose -3*i + 5*k = -5*i + 54, 3*k + 27 = i. Calculate the remainder when i is divided by 15.
12
Let x(b) = 17 - b + 4 + 5 - 3. Let g be ((-9)/3)/(-3)*11. Calculate the remainder when 22 is divided by x(g).
10
Let d = 219 + -147. What is the remainder when 242 is divided by d?
26
Let g be -126 + 1 - (-11 + 8). Let j = g - -164. Calculate the remainder when j is divided by 13.
3
What is the remainder when 4/14 + (12 - (-153)/(-21)) is divided by 3?
2
Let j(b) = 3*b - 10. Let x be j(8). Let i = 6 + x. What is the remainder when i is divided by 8?
4
Let k = 83 - -45. What is the remainder when k is divided by 44?
40
Let a(d) = -d - 4. Suppose 5*t = h - 264, 0 = 5*h - 2*t - 301 - 1019. Let w be ((-2)/4)/(11/h). What is the remainder when a(w) is divided by 3?
2
Let v(t) = -15*t + 3. Let g = -10 + 12. Let m be v(g). Let z = 21 - m. Calculate the remainder when z is divided by 13.
9
Let j(c) be the third derivative of -5*c**4/12 + c**3 + 2*c**2. Calculate the remainder when 44 is divided by j(-1).
12
Let x = -4 - -5. Let t be -2 + (1/x - -12). Suppose -10*n = -t*n + 70. Calculate the remainder when n is divided by 18.
16
Suppose 4*f + 3*c = 9, 2*f = -3*c - 8 + 5. Calculate the remainder when 52 is divided by f.
4
Let j = 0 - 2. Let n be (-2 + -2)*(j + -3). Let f = n - 0. What is the remainder when f is divided by 11?
9
Let a(c) be the first derivative of c**2 + 7*c - 8. What is the remainder when 11 is divided by a(0)?
4
Suppose 0*n - 4*h = -2*n - 2, -2*n = -5*h + 4. Suppose 4 = 2*y - 2. Calculate the remainder when (n/6)/(1/8) is divided by y.
1
Calculate the remainder when 64 is divided by (152/(-6))/(18/(-27)).
26
Let c(b) = 281*b**3 + b - 2. What is the remainder when c(1) is divided by 57?
52
Let n = -34 - -373. What is the remainder when n is divided by 18?
15
Suppose n + 103 = 2*n. Suppose 0 = -5*m - 4 - 26. Let z(h) = h**3 + 8*h**2 + 7*h - 4. What is the remainder when n is divided by z(m)?
25
Let k = -51 + 95. Suppose 7*l = 5*l + k. Calculate the remainder when 109 is divided by l.
21
Let d = -162 + 294. Calculate the remainder when d is divided by 45.
42
Calculate the remainder when (-282)/33*-18 + 48/264 is divided by 71.
12
Let v(g) = 2*g**2 - 3*g + 1. Suppose b = -3*b + 8. Let i = 5 - b. Calculate the remainder when 27 is divided by v(i).
7
Let h = 61 - 2. Let k = h - 38. Suppose -2*c = 4*q - 88, -166 = -2*c - 2*c - 3*q. Calculate the remainder when c is divided by k.
19
Let f(q) = 0*q**2 - 4*q + 6*q + 2*q**2. Suppose -a + 22 = -0*a. Calculate the remainder when a is divided by f(2).
10
Suppose 4*x + 0*x - 402 = 3*n, 92 = x - 5*n. What is the remainder when x is divided by 34?
0
Suppose -6*u = -13*u + 196. Let z = -36 + 20. Let t = -6 - z. Calculate the remainder when u is divided by t.
8
Suppose b - 12 - 14 = 0. What is the remainder when 2778/b - 8/(-52) is divided by 22?
19
Let z(o) = 24*o + 324. What is the remainder when z(-12) is divided by 28?
8
Suppose 0 = 44*b - 666 - 38. Calculate the remainder when 573 is divided by b.
13
Let v(j) = j**2 - 7*j - 44. What is the remainder when v(15) is divided by 22?
10
Let g = 16 - 11. What is the remainder when 192/g - 12/30 is divided by 11?